{"id":7,"date":"2024-10-09T07:35:34","date_gmt":"2024-10-09T05:35:34","guid":{"rendered":"http:\/\/mc-meissen-speedway.de\/?page_id=7"},"modified":"2026-03-13T11:17:51","modified_gmt":"2026-03-13T10:17:51","slug":"impressum","status":"publish","type":"page","link":"http:\/\/mc-meissen-speedway.de\/?page_id=7","title":{"rendered":"Impressum"},"content":{"rendered":"\t\t<div data-elementor-type=\"wp-page\" data-elementor-id=\"7\" class=\"elementor elementor-7\">\n\t\t\t\t<div class=\"elementor-element elementor-element-5bbe3a5 e-flex e-con-boxed e-con e-parent\" data-id=\"5bbe3a5\" data-element_type=\"container\" data-e-type=\"container\" data-settings=\"{&quot;background_background&quot;:&quot;gradient&quot;}\">\n\t\t\t\t\t<div class=\"e-con-inner\">\n\t\t<div class=\"elementor-element elementor-element-a1dd200 e-con-full e-flex e-con e-child\" data-id=\"a1dd200\" data-element_type=\"container\" data-e-type=\"container\">\n\t\t\t\t<div class=\"elementor-element elementor-element-feee155 elementor-widget elementor-widget-heading\" data-id=\"feee155\" data-element_type=\"widget\" data-e-type=\"widget\" data-widget_type=\"heading.default\">\n\t\t\t\t<div class=\"elementor-widget-container\">\n\t\t\t\t\t<h2 class=\"elementor-heading-title elementor-size-default\">Impressum<\/h2>\t\t\t\t<\/div>\n\t\t\t\t<\/div>\n\t\t\t\t<div class=\"elementor-element elementor-element-2032142 elementor-widget elementor-widget-text-editor\" data-id=\"2032142\" data-element_type=\"widget\" data-e-type=\"widget\" data-widget_type=\"text-editor.default\">\n\t\t\t\t<div class=\"elementor-widget-container\">\n\t\t\t\t\t\t\t\t\t<div class=\"Normaler_Text\"><div class=\"elementor-element elementor-element-d411155 elementor-widget elementor-widget-heading\" data-id=\"d411155\" data-element_type=\"widget\" data-widget_type=\"heading.default\"><div class=\"elementor-widget-container\"><h2 class=\"elementor-heading-title elementor-size-default\"><span style=\"color: #ffffff;\">Angaben gem\u00e4\u00df \u00a7 5 TMG<\/span><\/h2><\/div><\/div><div class=\"elementor-element elementor-element-63a9ae2 elementor-widget elementor-widget-text-editor\" data-id=\"63a9ae2\" data-element_type=\"widget\" data-widget_type=\"text-editor.default\"><div class=\"elementor-widget-container\"><p><span style=\"color: #ffffff;\">MC Mei\u00dfen e.V.<br \/>Vorsizender: <\/span><span style=\"color: #ffffff;\">Maik Pilz<br \/><\/span><span style=\"color: #ffffff;\">Zaschendorfer Stra\u00dfe 77a<\/span><br \/><span style=\"color: #ffffff;\">01662 Mei\u00dfen<\/span><\/p><h2><span style=\"color: #ffffff;\">Kontakt<\/span><\/h2><p><span style=\"color: #ffffff;\">Telefon: <a style=\"color: #ffffff;\" href=\"tel:035217286569\">03521 \/ 72 86 569<\/a><\/span><br \/><span style=\"color: #ffffff;\">E-Mail: <a style=\"color: #ffffff;\" href=\"mailto:info@mc-meissen-speedway.de\">info@mc-meissen-speedway.de<\/a><\/span><\/p><h2><span style=\"color: #ffffff;\">EU-Streitschlichtung<\/span><\/h2><p><span style=\"color: #ffffff;\">Die Europ\u00e4ische Kommission stellt eine Plattform zur Online-Streitbeilegung (OS) bereit:\u00a0<a style=\"color: #ffffff;\" href=\"https:\/\/ec.europa.eu\/consumers\/odr\/\" target=\"_blank\" rel=\"noopener noreferrer\">https:\/\/ec.europa.eu\/consumers\/odr\/<\/a>.<\/span><br \/><span style=\"color: #ffffff;\">Unsere E-Mail-Adresse finden Sie oben im Impressum.<\/span><\/p><h2><span style=\"color: #ffffff;\">Verbraucher\u00adstreit\u00adbeilegung\/Universal\u00adschlichtungs\u00adstelle<\/span><\/h2><p><span style=\"color: #ffffff;\">Wir sind nicht bereit oder verpflichtet, an Streitbeilegungsverfahren vor einer Verbraucherschlichtungsstelle teilzunehmen.<\/span><\/p><\/div><\/div><\/div>\t\t\t\t\t\t\t\t<\/div>\n\t\t\t\t<\/div>\n\t\t\t\t<\/div>\n\t\t\t\t\t<\/div>\n\t\t\t\t<\/div>\n\t\t\t\t<\/div>\n\t\t","protected":false},"excerpt":{"rendered":"<p>Impressum Angaben gem\u00e4\u00df \u00a7 5 TMG MC Mei\u00dfen e.V.Vorsizender: Maik PilzZaschendorfer Stra\u00dfe 77a01662 Mei\u00dfen Kontakt Telefon: 03521 \/ 72 86 569E-Mail: info@mc-meissen-speedway.de EU-Streitschlichtung Die Europ\u00e4ische Kommission stellt eine Plattform zur Online-Streitbeilegung (OS) bereit:\u00a0https:\/\/ec.europa.eu\/consumers\/odr\/.Unsere E-Mail-Adresse finden Sie oben im Impressum. Verbraucher\u00adstreit\u00adbeilegung\/Universal\u00adschlichtungs\u00adstelle Wir sind nicht bereit oder verpflichtet, an Streitbeilegungsverfahren vor einer Verbraucherschlichtungsstelle teilzunehmen.<\/p>\n","protected":false},"author":1,"featured_media":0,"parent":0,"menu_order":0,"comment_status":"closed","ping_status":"closed","template":"","meta":{"footnotes":""},"class_list":["post-7","page","type-page","status-publish","hentry"],"_links":{"self":[{"href":"http:\/\/mc-meissen-speedway.de\/index.php?rest_route=\/wp\/v2\/pages\/7","targetHints":{"allow":["GET"]}}],"collection":[{"href":"http:\/\/mc-meissen-speedway.de\/index.php?rest_route=\/wp\/v2\/pages"}],"about":[{"href":"http:\/\/mc-meissen-speedway.de\/index.php?rest_route=\/wp\/v2\/types\/page"}],"author":[{"embeddable":true,"href":"http:\/\/mc-meissen-speedway.de\/index.php?rest_route=\/wp\/v2\/users\/1"}],"replies":[{"embeddable":true,"href":"http:\/\/mc-meissen-speedway.de\/index.php?rest_route=%2Fwp%2Fv2%2Fcomments&post=7"}],"version-history":[{"count":47,"href":"http:\/\/mc-meissen-speedway.de\/index.php?rest_route=\/wp\/v2\/pages\/7\/revisions"}],"predecessor-version":[{"id":1044,"href":"http:\/\/mc-meissen-speedway.de\/index.php?rest_route=\/wp\/v2\/pages\/7\/revisions\/1044"}],"wp:attachment":[{"href":"http:\/\/mc-meissen-speedway.de\/index.php?rest_route=%2Fwp%2Fv2%2Fmedia&parent=7"}],"curies":[{"name":"wp","href":"https:\/\/api.w.org\/{rel}","templated":true}]}}